23322302102220
In base 11, what is -272a8 + 47?
-27261
In base 14, what is -2a8c9 + -2a?
-2a915
In base 14, what is 18119a09 + -4?
18119a05
In base 5, what is -242 - 1220440120?
-1220440412
In base 15, what is 5 + 6d2ec63?
6d2ec68
In base 8, what is 50444012 + -4?
50444006
In base 9, what is -2 + -331707718?
-331707721
In base 9, what is -223124 + -6?
-223131
In base 12, what is 39 + -137b3a?
-137b01
In base 6, what is 25422030133 + -4?
25422030125
In base 13, what is 19c3c907 + -7?
19c3c900
In base 13, what is 1c461040a - 0?
1c461040a
In base 16, what is -e72 + -69a2?
-7814
In base 7, what is 4341204525 + -6?
4341204516
In base 8, what is 4557 - 40634?
-34055
In base 2, what is -1101101111010 - -1110011101010101?
1100101111011011
In base 6, what is -1021 - -211515330?
211514305
In base 11, what is -90548a8 - -1a?
-9054889
In base 11, what is 29202 + -605?
286a8
In base 16, what is 22 - 4818cb?
-4818a9
In base 8, what is -2177760 + -14?
-2177774
In base 4, what is 10023010 - 103103?
3313301
In base 11, what is 104 + -46794?
-46690
In base 12, what is -a3367 - -39a?
-a2b89
In base 6, what is -340230113 - 453?
-340231010
In base 8, what is 2073233410 + 5?
2073233415
In base 11, what is 163 + -2aa6?
-2943
In base 15, what is -10788 + -100?
-10888
In base 10, what is -227 + 577274?
577047
In base 14, what is -3b35 + 3d6?
-373d
In base 11, what is -1 - -3a95517?
3a95516
In base 11, what is 1 + 7202146?
7202147
In base 15, what is 697 + 103a46?
1041dd
In base 14, what is 0 + -43b9c4?
-43b9c4
In base 16, what is -b5 - 21d3ea?
-21d49f
In base 5, what is 20210332103 - -3?
20210332111
In base 16, what is -2b8f4 + 4a5?
-2b44f
In base 12, what is -ab + 44b594?
44b4a5
In base 12, what is -53855 + 311?
-53544
In base 2, what is 1110100001010000110 + -10011000?
1110100000111101110
In base 7, what is 51 - -26455255?
26455336
In base 11, what is 87 - -1310?
1397
In base 6, what is 5 + 113401223?
113401232
In base 11, what is -71 - 1073?
-1134
In base 8, what is 2 - -6505573?
6505575
In base 4, what is 22 + -13022123032?
-13022123010
In base 6, what is 1 + 40331154004?
40331154005
In base 10, what is -4407 + 1338?
-3069
In base 5, what is 2 - -222033204414?
222033204421
In base 15, what is -21 - 1027b?
-1029c
In base 4, what is -1030212 + -3221103?
-10311321
In base 6, what is 2123450 + 2002?
2125452
In base 5, what is -20021030 - -11?
-20021014
In base 4, what is -112 + 31223301221?
31223301103
In base 10, what is -318558 + -2135?
-320693
In base 10, what is 1994712 - 5?
1994707
In base 5, what is -1131210 + 3?
-1131202
In base 2, what is -11100011010100 + 1000011?
-11100010010001
In base 9, what is -2102 - 37127?
-40230
In base 15, what is 26cdc9 - b?
26cdbd
In base 4, what is 330 - -1332012?
1333002
In base 5, what is 10 - -111032001?
111032011
In base 5, what is 20030 + 131130?
201210
In base 15, what is -21 + 3566d?
3564c
In base 8, what is -2152112102 + 0?
-2152112102
In base 9, what is 88 + -13101771?
-13101672
In base 6, what is 10313402 - -232?
10314034
In base 6, what is 2 - -1135422220?
1135422222
In base 3, what is -110102020020222 - -11?
-110102020020211
In base 5, what is -24 - 1201202444?
-1201203023
In base 13, what is 288 - 46760?
-464a5
In base 8, what is -52 + -2554244?
-2554316
In base 3, what is 12 + 11112011111102?
11112011111121
In base 6, what is -121501 + 4402?
-113055
In base 9, what is 12 - 551430?
-551417
In base 15, what is 3 + -6a8dd1?
-6a8dcd
In base 12, what is 2b823 - 0?
2b823
In base 2, what is 1000010 - 101011100101100001110?
-101011100101011001100
In base 9, what is -840874 + -18?
-841003
In base 8, what is -4 - -464517722?
464517716
In base 2, what is -1011001111 + -1101011011010101001?
-1101011100101111000
In base 16, what is 818 - -e1f?
1637
In base 14, what is 6a + 13b072?
13b0dc
In base 3, what is -1 - -21222022102002110?
21222022102002102
In base 10, what is -261200239 - 1?
-261200240
In base 15, what is -529 + 1761?
1237
In base 11, what is 5789692 + 4?
5789696
In base 5, what is 2021030 + -3014?
2013011
In base 6, what is 1104022522 + 12?
1104022534
In base 11, what is -1a4 - 293714?
-293908
In base 7, what is 216 + -2144630?
-2144411
In base 10, what is 5 - -26627826?
26627831
In base 7, what is -4025 + 4633?
605
In base 9, what is 1051 + 430345?
431406
In base 12, what is 2 + -89a9750?
-89a974a
In base 6, what is 20 + 22325314?
22325334
In base 8, what is -4 + -16320676?
-16320702
In base 2, what is -100101011100110111 + 10000?
-100101011100100111
In base 2, what is 1001001101111001 + -1111100000?
1000111110011001
In base 4, what is 1 + -10011202131?
-10011202130
In base 8, what is 4233 - 32526?
-26273
In base 9, what is -45655 - 2320?
-48075
In base 6, what is -24152135 + 1?
-24152134
In base 11, what is -2 - 12a62?
-12a64
In base 14, what is -3608 - 7c3?
-3dcb
In base 16, what is -c + 1480e7c?
1480e70
In base 10, what is -328156 - -5?
-328151
In base 16, what is -493 - -922?
48f
In base 9, what is -61065434 + 1?
-61065433
In base 2, what is -11 + -10010101011100100010?
-10010101011100100101
In base 13, what is 1b62ab8 - -4?
1b62abc
In base 16, what is -5500be1 + -5?
-5500be6
In base 16, what is -350f8 - 7a?
-35172
In base 3, what is -2220221 + 1220100210?
1210102212
In base 4, what is -30 - 30111310323?
-30111311013
In base 3, what is 10112 - -200220121102012?
200220121112201
In base 7, what is -12165 - 2626214?
-2641412
In base 7, what is 255231 - 3124?
252104
In base 11, what is 3 + -974963?
-974960
In base 16, what is 3c - -19783?
197bf
In base 10, what is -131 + -590051?
-590182
In base 13, what is 542a8a - -1a?
542aa7
In base 5, what is 11024 + 14210034?
14221113
In base 4, what is 30023213020 + 1?
30023213021
In base 12, what is 451a9150 + -6?
451a9146
In base 5, what is 3114 + -114414222?
-114411103
In base 10, what is 46970 + -553?
46417
In base 3, what is -21121 + 12120100?
12021202
In base 5, what is -241141 - -20111?
-221030
In base 14, what is -34cc - -6220?
2b32
In base 11, what is 17 + -241a81a?
-241a803
In base 5, what is 144222231222 + -1?
144222231221
In base 14, what is 455 - 5bbc?
-5767
In base 7, what is 54224326 - 21?
54224305
In base 9, what is 26 + 1812202?
1812228
In base 10, what is -1191 + 285?
-906
In base 15, what is ddd0ca + 3?
ddd0cd
In base 8, what is -6567 - 3262?
-12051
In base 5, what is -1301432 - -10203?
-1241224
In base 15, what is -40c - -3228?
2d1b
In base 14, what is -11cb + -7568?
-8755
In base 16, what is 534841 - b?
534836
In base 14, what is 3d0c8 + 3a0?
3d488
In base 5, what is -104301000 - 14?
-104301014
In base 9, what is -7700800 - 5?
-7700805
In base 15, what is cab8 - -4?
cabc
In base 7, what is -640051 - -12552?
-624166
In base 13, what is 13c16 + c2?
14008
In base 10, what is 67843 + -4278?
63565
In base 5, what is 12441 - 2402131?
-2334140
In base 15, what is b81a + -922?
ade8
In base 10, what is -4 - 93753986?
-93753990
In base 11, what is 10815 - 765?
10060
In base 15, what is 4 - 12394e6?
-12394e2
In base 9, what is -41134 + 268?
-40755
In base 10, what is 22054959 - -1?
22054960
In base 12, what is 5 - -380b9?
38102
In base 11, what is -275 + -51a5?
-546a
In base 12, what is -2164113 - 3?
-2164116
In base 3, what is -1210212010101110 + 12?
-1210212010101021
In base 6, what is 3 - 3100423345?
-3100423342
In base 3, what is 1122221221 - -120202?
1200112200
In base 2, what is 1001010100011 + -10011001110011?
-1001111010000
In base 6, what is -5 - 4035105211?
-4035105220
In base 11, what is 116 + 304632?
304748
In base 15, what is -4 - -333b87?
333b83
In base 3, what is 1 + 21002022010200?
21002022010201
In base 15, what is -6a2733 - -94?
-6a268e
In base 3, what is 1010 - -2201111120?
2201112200
In base 14, what is -8db2a2 + -6?
-8db2a8
In base 11, what is -29 - -93542?
93514
In base 7, what is 20534460 - -6?
20534466
In base 12, what is 16100500 + -5?
161004b7
In base 13, what is a1 - c20b7?
-c2016
In base 12, what is -1aa20 - 1270?
-20090
In base 16, what is -4 + -30e227?
-30e22b
In base 14, what is 278 - 84634?
-8439a
In base 15, what is c411 + 1b11?
e022
In base 10, what is -58325 + 11?
-58314
In base 8, what is -4 + -102424720?
-102424724
In base 10, what is 3 - -1449197?
1449200
In base 4, what is -3 - 10123310113?
-10123310122
In base 14, what is -7c